{"id":2951,"date":"2026-03-05T16:23:13","date_gmt":"2026-03-05T15:23:13","guid":{"rendered":"https:\/\/www.minocha.fr\/?post_type=product&#038;p=2951"},"modified":"2026-03-05T16:29:51","modified_gmt":"2026-03-05T15:29:51","slug":"lettre-de-larchiviste-edition-de-mars-quantite-limitee","status":"publish","type":"product","link":"https:\/\/www.minocha.fr\/index.php\/produit\/lettre-de-larchiviste-edition-de-mars-quantite-limitee\/","title":{"rendered":"Lettre de l\u2019Archiviste \u2013 \u00c9dition de Mars &#8211; quantit\u00e9 limit\u00e9e"},"content":{"rendered":"<p data-start=\"0\" data-end=\"24\"><strong data-start=\"0\" data-end=\"24\">La Lettre de Mars<\/strong><\/p>\n<p data-start=\"26\" data-end=\"268\">Une brise de douceur traverse l&rsquo;atelier Minocha, \u00e0 moins que cela ne soit un vent de renouveau?<br data-start=\"61\" data-end=\"64\" \/>Dans l\u2019atelier, l\u2019Archiviste observe la terre qui s\u2019\u00e9veille, attentive aux fr\u00e9missements presque invisibles qui annoncent le retour du vivant. La lettre \u00e9voque le r\u00e9veil de Ga\u00efa, ce moment fragile o\u00f9 la lumi\u00e8re s\u2019infiltre dans la mati\u00e8re et rappelle aux graines endormies qu\u2019il est temps de remonter. Elle murmure que mars n\u2019est pas seulement le seuil du printemps, mais l\u2019heure discr\u00e8te o\u00f9 l\u2019on choisit ce que l\u2019on souhaite voir na\u00eetre et grandir.<\/p>\n<p data-start=\"490\" data-end=\"525\"><strong data-start=\"490\" data-end=\"525\">La Lettre de F\u00e9vrier contient :<\/strong><\/p>\n<p data-start=\"527\" data-end=\"595\">\u2013 une enveloppe cachet\u00e9e \u00e0 la cire dor\u00e9e, calligraphi\u00e9e \u00e0 la main,<\/p>\n<p data-start=\"597\" data-end=\"633\">\u2013 la lettre manuscrite de mars<\/p>\n<p data-start=\"635\" data-end=\"699\">\u2013 la troisi\u00e8me carte de la collection des d\u00e9esses : Ga\u00efa,<\/p>\n<p data-start=\"701\" data-end=\"768\">\u2013 une illustration exclusive : le R\u00e9veil de Ga\u00efa,<\/p>\n<p data-start=\"770\" data-end=\"844\">\u2013 un rituel et son \u00e9crin : Un papier ensemenc\u00e9 fabriqu\u00e9 \u00e0 la main dans notre atelier, pour poser les intentions \u00e0 venir<\/p>\n<p data-start=\"846\" data-end=\"893\">\u2013 un tr\u00e8fle \u00e0 quatre feuilles en feutre pour c\u00e9l\u00e9brer le printemps,<\/p>\n<p data-start=\"958\" data-end=\"1072\">Une cr\u00e9ation de d\u00e9but de printemps en \u00e9dition limit\u00e9e, assembl\u00e9e et imprim\u00e9e \u00e0 la main dans les ateliers de Minocha Corp.<\/p>\n<p data-start=\"1074\" data-end=\"1322\"><strong data-start=\"1074\" data-end=\"1102\">Informations pratiques :<\/strong><br data-start=\"1102\" data-end=\"1105\" \/>\u00c9dition unique, disponible jusqu\u2019\u00e0 \u00e9puisement des stocks.<br data-start=\"1162\" data-end=\"1165\" \/>Exp\u00e9dition \u00e0 partir du 21 f\u00e9vrier 2026.<br data-start=\"1204\" data-end=\"1207\" \/>Disponible \u00e0 l\u2019unit\u00e9 ou via abonnement (9\u20ac en France, 11\u20ac \u00e0 l\u2019\u00e9tranger).<br data-start=\"1279\" data-end=\"1282\" \/>Version anglaise disponible sur demande.<\/p>\n","protected":false},"excerpt":{"rendered":"<p>Une \u00e9dition unique tout droit sortie des ateliers de Minocha Corp.<\/p>\n","protected":false},"featured_media":2954,"comment_status":"open","ping_status":"closed","template":"","meta":[],"product_brand":[61],"product_cat":[113],"product_tag":[69,123,120,121,116,118,122,114,124],"class_list":{"0":"post-2951","1":"product","2":"type-product","3":"status-publish","4":"has-post-thumbnail","6":"product_brand-minocha-edition","7":"product_cat-snail-mail","8":"product_tag-correspondance-vintage","9":"product_tag-edition-limitee","10":"product_tag-lettre-de-collection","11":"product_tag-lettre-manuscrite","12":"product_tag-minocha-corp","13":"product_tag-papeterie-artisanale","14":"product_tag-pliage-victorien","15":"product_tag-snail-mail","16":"product_tag-univers-immersif","17":"product_shipping_class-abonnement-1","19":"first","20":"instock","21":"shipping-taxable","22":"purchasable","23":"product-type-variable"},"_links":{"self":[{"href":"https:\/\/www.minocha.fr\/index.php\/wp-json\/wp\/v2\/product\/2951","targetHints":{"allow":["GET"]}}],"collection":[{"href":"https:\/\/www.minocha.fr\/index.php\/wp-json\/wp\/v2\/product"}],"about":[{"href":"https:\/\/www.minocha.fr\/index.php\/wp-json\/wp\/v2\/types\/product"}],"replies":[{"embeddable":true,"href":"https:\/\/www.minocha.fr\/index.php\/wp-json\/wp\/v2\/comments?post=2951"}],"version-history":[{"count":1,"href":"https:\/\/www.minocha.fr\/index.php\/wp-json\/wp\/v2\/product\/2951\/revisions"}],"predecessor-version":[{"id":2962,"href":"https:\/\/www.minocha.fr\/index.php\/wp-json\/wp\/v2\/product\/2951\/revisions\/2962"}],"wp:featuredmedia":[{"embeddable":true,"href":"https:\/\/www.minocha.fr\/index.php\/wp-json\/wp\/v2\/media\/2954"}],"wp:attachment":[{"href":"https:\/\/www.minocha.fr\/index.php\/wp-json\/wp\/v2\/media?parent=2951"}],"wp:term":[{"taxonomy":"product_brand","embeddable":true,"href":"https:\/\/www.minocha.fr\/index.php\/wp-json\/wp\/v2\/product_brand?post=2951"},{"taxonomy":"product_cat","embeddable":true,"href":"https:\/\/www.minocha.fr\/index.php\/wp-json\/wp\/v2\/product_cat?post=2951"},{"taxonomy":"product_tag","embeddable":true,"href":"https:\/\/www.minocha.fr\/index.php\/wp-json\/wp\/v2\/product_tag?post=2951"}],"curies":[{"name":"wp","href":"https:\/\/api.w.org\/{rel}","templated":true}]}}