{"id":918,"date":"2025-08-15T14:44:13","date_gmt":"2025-08-15T12:44:13","guid":{"rendered":"https:\/\/www.minocha.fr\/?post_type=product&#038;p=918"},"modified":"2026-02-10T14:44:04","modified_gmt":"2026-02-10T13:44:04","slug":"abonnement-deux-soeurs","status":"publish","type":"product","link":"https:\/\/www.minocha.fr\/index.php\/produit\/abonnement-deux-soeurs\/","title":{"rendered":"DEUX DESTINS CROIS\u00c9S"},"content":{"rendered":"<p data-start=\"197\" data-end=\"247\"><strong data-start=\"197\" data-end=\"247\">Deux voix. Deux regards. Une lecture enrichie.<\/strong><\/p>\n<p data-start=\"249\" data-end=\"547\">Avec cette formule, vous explorez l\u2019univers Minocha \u00e0 travers <strong data-start=\"311\" data-end=\"351\">deux correspondances compl\u00e9mentaires<\/strong>.<br data-start=\"352\" data-end=\"355\" \/>Chaque mois, vous recevez <strong data-start=\"381\" data-end=\"423\">deux lettres manuscrites et illustr\u00e9es<\/strong>, chacune port\u00e9e par une s\u0153ur diff\u00e9rente.<\/p>\n<p data-start=\"549\" data-end=\"770\">Ce format permet de croiser les points de vue et les domaines de connaissances :<br data-start=\"629\" data-end=\"632\" \/>les r\u00e9cits se r\u00e9pondent, les indices se compl\u00e8tent,<br data-start=\"683\" data-end=\"686\" \/>et les savoirs \u2014 historiques, culturels ou naturalistes \u2014 s\u2019\u00e9clairent mutuellement.<\/p>\n<p data-start=\"772\" data-end=\"974\">En suivant deux voix, la qu\u00eate gagne en profondeur.<br data-start=\"823\" data-end=\"826\" \/>Les \u00e9v\u00e9nements prennent du relief,<br data-start=\"860\" data-end=\"863\" \/>les personnages se d\u00e9voilent sous plusieurs angles,<br data-start=\"914\" data-end=\"917\" \/>et le lecteur est invit\u00e9 \u00e0 comparer, relier, interpr\u00e9ter.<\/p>\n<p data-start=\"976\" data-end=\"1126\">Deux chemins qui se rencontrent.<br data-start=\"1008\" data-end=\"1011\" \/>Deux mani\u00e8res d\u2019apprendre et de comprendre.<br data-start=\"1054\" data-end=\"1057\" \/>Une aventure \u00e9pistolaire plus dense, sans perdre la magie du myst\u00e8re.<\/p>\n<p><b>Contient :<\/b><\/p>\n<p><em>\u2013 Deux lettres manuscrites illustr\u00e9es<\/em><br \/>\n<em>\u2013 Deux posters A4<\/em><br \/>\n<em>\u2013 L\u2019acc\u00e8s au podcast : les Archives des soeurs Minocha pour en d\u00e9couvrir plus sur l&rsquo;intrigue, disponible sur toutes les plateformes d&rsquo;\u00e9coute<\/em><\/p>\n<p><em>\u2013 Une lecture \u00e0 double voix de la qu\u00eate<\/em><\/p>\n<p>36,90\u20ac\/mois (au lieu de 40\u20ac)<\/p>\n<p>Formule annuelle : 405,90\u20ac<em> (soit un mois offert)<\/em><\/p>\n","protected":false},"excerpt":{"rendered":"<p>Formule deux s\u0153urs \u2013 Deux lettres par mois<\/p>\n","protected":false},"featured_media":1526,"comment_status":"open","ping_status":"closed","template":"","meta":[],"product_brand":[59],"product_cat":[30],"product_tag":[77,74,75,80,79,68,76,78],"class_list":{"0":"post-918","1":"product","2":"type-product","3":"status-publish","4":"has-post-thumbnail","6":"product_brand-minocha-letters","7":"product_cat-abonnements","8":"product_tag-aventures-croisees","9":"product_tag-collection-minocha","10":"product_tag-correspondance-immersive","11":"product_tag-enigmes-pedagogiques","12":"product_tag-histoire-et-sciences","13":"product_tag-lettres-manuscrites","14":"product_tag-univers-narratif","15":"product_tag-voyage-mysterieux","16":"product_shipping_class-abonnement-2","18":"first","19":"instock","20":"shipping-taxable","21":"purchasable","22":"product-type-variable-subscription","23":"has-default-attributes"},"_links":{"self":[{"href":"https:\/\/www.minocha.fr\/index.php\/wp-json\/wp\/v2\/product\/918","targetHints":{"allow":["GET"]}}],"collection":[{"href":"https:\/\/www.minocha.fr\/index.php\/wp-json\/wp\/v2\/product"}],"about":[{"href":"https:\/\/www.minocha.fr\/index.php\/wp-json\/wp\/v2\/types\/product"}],"replies":[{"embeddable":true,"href":"https:\/\/www.minocha.fr\/index.php\/wp-json\/wp\/v2\/comments?post=918"}],"version-history":[{"count":7,"href":"https:\/\/www.minocha.fr\/index.php\/wp-json\/wp\/v2\/product\/918\/revisions"}],"predecessor-version":[{"id":2643,"href":"https:\/\/www.minocha.fr\/index.php\/wp-json\/wp\/v2\/product\/918\/revisions\/2643"}],"wp:featuredmedia":[{"embeddable":true,"href":"https:\/\/www.minocha.fr\/index.php\/wp-json\/wp\/v2\/media\/1526"}],"wp:attachment":[{"href":"https:\/\/www.minocha.fr\/index.php\/wp-json\/wp\/v2\/media?parent=918"}],"wp:term":[{"taxonomy":"product_brand","embeddable":true,"href":"https:\/\/www.minocha.fr\/index.php\/wp-json\/wp\/v2\/product_brand?post=918"},{"taxonomy":"product_cat","embeddable":true,"href":"https:\/\/www.minocha.fr\/index.php\/wp-json\/wp\/v2\/product_cat?post=918"},{"taxonomy":"product_tag","embeddable":true,"href":"https:\/\/www.minocha.fr\/index.php\/wp-json\/wp\/v2\/product_tag?post=918"}],"curies":[{"name":"wp","href":"https:\/\/api.w.org\/{rel}","templated":true}]}}